{"id":997766,"date":"2025-05-13T14:35:57","date_gmt":"2025-05-13T12:35:57","guid":{"rendered":"https:\/\/osatech.ch\/shop\/index.php\/prodotto\/tansa-tornello-ltf-214-d"},"modified":"2025-05-13T14:39:46","modified_gmt":"2025-05-13T12:39:46","slug":"tansa-tornello-ltf-214-d","status":"publish","type":"product","link":"https:\/\/osatech.ch\/shop\/index.php\/prodotto\/tansa-tornello-ltf-214-d","title":{"rendered":"TANSA Tornello LTF 214 D"},"content":{"rendered":"<p>Il tornello \u00e8 progettato per uso interno ed esterno. Tuttavia, se verr\u00e0 utilizzato in ambienti con umidit\u00e0 estrema o molto polverosi, viene prodotta una soluzione opzionale, purch\u00e9 specificata nell&#8217;ordine. I tornelli possono passare in una o entrambe le direzioni. Queste transizioni possono essere controllate o libere. Anche se entrambi i pass sono controllati dal lettore di carte, l&#8217;utente finale pu\u00f2 sbloccare l&#8217;ingresso o l&#8217;uscita in determinati orari.<\/p>\n<p>I tornelli consentono il libero passaggio in caso di interruzione di corrente. Questo \u00e8 un obbligo legale. Tuttavia, qualora venga richiesta la permanenza bloccata in caso di interruzione di corrente, \u00e8 facoltativamente fornita con istruzione scritta del cliente. Il senso di rotazione del tornello (in entrata e in uscita) \u00e8 determinato da sensori interni. Il centraggio dei tornelli dopo il passaggio avviene meccanicamente e dolcemente per mezzo di una molla e di un ammortizzatore idraulico.<\/p>\n","protected":false},"excerpt":{"rendered":"<p>Il tornello \u00e8 progettato per uso interno ed esterno. Tuttavia, se verr\u00e0 utilizzato in ambienti con umidit\u00e0 estrema o molto polverosi, viene prodotta una soluzione opzionale, purch\u00e9 specificata nell&#8217;ordine. I tornelli possono passare in una o entrambe le direzioni. Queste transizioni possono essere controllate o libere. Anche se entrambi i pass sono controllati dal lettore [&hellip;]<\/p>\n","protected":false},"featured_media":55305,"template":"","meta":[],"product_brand":[],"product_cat":[3856,4117],"product_tag":[],"yst_prominent_words":[],"class_list":{"0":"post-997766","1":"product","2":"type-product","3":"status-publish","4":"has-post-thumbnail","6":"product_cat-tornelli","7":"product_cat-tornelli-tansa","9":"first","10":"instock","11":"taxable","12":"shipping-taxable","13":"purchasable","14":"product-type-simple"},"_links":{"self":[{"href":"https:\/\/osatech.ch\/shop\/index.php\/wp-json\/wp\/v2\/product\/997766","targetHints":{"allow":["GET"]}}],"collection":[{"href":"https:\/\/osatech.ch\/shop\/index.php\/wp-json\/wp\/v2\/product"}],"about":[{"href":"https:\/\/osatech.ch\/shop\/index.php\/wp-json\/wp\/v2\/types\/product"}],"wp:featuredmedia":[{"embeddable":true,"href":"https:\/\/osatech.ch\/shop\/index.php\/wp-json\/wp\/v2\/media\/55305"}],"wp:attachment":[{"href":"https:\/\/osatech.ch\/shop\/index.php\/wp-json\/wp\/v2\/media?parent=997766"}],"wp:term":[{"taxonomy":"product_brand","embeddable":true,"href":"https:\/\/osatech.ch\/shop\/index.php\/wp-json\/wp\/v2\/product_brand?post=997766"},{"taxonomy":"product_cat","embeddable":true,"href":"https:\/\/osatech.ch\/shop\/index.php\/wp-json\/wp\/v2\/product_cat?post=997766"},{"taxonomy":"product_tag","embeddable":true,"href":"https:\/\/osatech.ch\/shop\/index.php\/wp-json\/wp\/v2\/product_tag?post=997766"},{"taxonomy":"yst_prominent_words","embeddable":true,"href":"https:\/\/osatech.ch\/shop\/index.php\/wp-json\/wp\/v2\/yst_prominent_words?post=997766"}],"curies":[{"name":"wp","href":"https:\/\/api.w.org\/{rel}","templated":true}]}}