{"id":60257,"date":"2024-08-22T09:20:23","date_gmt":"2024-08-22T07:20:23","guid":{"rendered":"https:\/\/osatech.ch\/shop\/index.php\/prodotto\/ajax-unita-centrale-hub-ibrido-4g-bianco"},"modified":"2025-11-27T15:41:34","modified_gmt":"2025-11-27T14:41:34","slug":"ajax-unita-centrale-hub-ibrido-4g-bianco","status":"publish","type":"product","link":"https:\/\/osatech.ch\/shop\/index.php\/prodotto\/ajax-unita-centrale-hub-ibrido-4g-bianco","title":{"rendered":"Ajax Unit\u00e0 Centrale Hub ibrido &#8211; (4G) Bianco"},"content":{"rendered":"<p>AJAX Hub ibrido &#8211; (4G) Bianco | Certificato Livello 3<\/p>\n<p>L&#8217;Hub Hybrid \u00e8 una novit\u00e0 tra i sistemi di sicurezza professionali. Questa \u00e8 la prima centrale elettrica ibrida Ajax per dispositivi Jeweller e la linea di prodotti Fibra. Le tecnologie cablate e wireless sono combinate in una protezione complessa, per oggetti di tutte le dimensioni, compresi edifici e padiglioni in acciaio e cemento. La sicurezza \u00e8 rafforzata da notifiche informative, conferma fotografica degli allarmi, controllo del sistema in tempo reale nell&#8217;app e scenari di automazione.<\/p>\n<p>Nota: questo \u00e8 un dispositivo della linea di prodotti Cavo Fibra. La messa in servizio pu\u00f2 essere effettuata solo da installatori specializzati certificati AJAX.<\/p>\n<p>Capacit\u00e0<br \/>\nFino a 100 dispositivi Ajax &#8211; dispositivi cablati e wireless in qualsiasi rapporto<br \/>\nFino a 25 telecamere o DVR &#8211; Integrazione perfetta con telecamere IP e DVR<br \/>\nFino a 50 utenti &#8211; Qualsiasi numero di amministratori entro il limite<br \/>\nFino a 32 scenari di automazione<br \/>\nFino a 9 gruppi di sicurezza<br \/>\nFino a 50 camere<\/p>\n","protected":false},"excerpt":{"rendered":"<p>AJAX Hub ibrido &#8211; (4G) Bianco | Certificato Livello 3 L&#8217;Hub Hybrid \u00e8 una novit\u00e0 tra i sistemi di sicurezza professionali. Questa \u00e8 la prima centrale elettrica ibrida Ajax per dispositivi Jeweller e la linea di prodotti Fibra. Le tecnologie cablate e wireless sono combinate in una protezione complessa, per oggetti di tutte le dimensioni, [&hellip;]<\/p>\n","protected":false},"featured_media":0,"template":"","meta":[],"product_brand":[],"product_cat":[4237,4238],"product_tag":[],"yst_prominent_words":[],"class_list":{"0":"post-60257","1":"product","2":"type-product","3":"status-publish","5":"product_cat-allarmi-casa-e-ufficio-ajax-2","6":"product_cat-centrali-ajax-allarmi-casa-e-ufficio-ajax-2","8":"first","9":"instock","10":"taxable","11":"shipping-taxable","12":"purchasable","13":"product-type-simple"},"_links":{"self":[{"href":"https:\/\/osatech.ch\/shop\/index.php\/wp-json\/wp\/v2\/product\/60257","targetHints":{"allow":["GET"]}}],"collection":[{"href":"https:\/\/osatech.ch\/shop\/index.php\/wp-json\/wp\/v2\/product"}],"about":[{"href":"https:\/\/osatech.ch\/shop\/index.php\/wp-json\/wp\/v2\/types\/product"}],"wp:attachment":[{"href":"https:\/\/osatech.ch\/shop\/index.php\/wp-json\/wp\/v2\/media?parent=60257"}],"wp:term":[{"taxonomy":"product_brand","embeddable":true,"href":"https:\/\/osatech.ch\/shop\/index.php\/wp-json\/wp\/v2\/product_brand?post=60257"},{"taxonomy":"product_cat","embeddable":true,"href":"https:\/\/osatech.ch\/shop\/index.php\/wp-json\/wp\/v2\/product_cat?post=60257"},{"taxonomy":"product_tag","embeddable":true,"href":"https:\/\/osatech.ch\/shop\/index.php\/wp-json\/wp\/v2\/product_tag?post=60257"},{"taxonomy":"yst_prominent_words","embeddable":true,"href":"https:\/\/osatech.ch\/shop\/index.php\/wp-json\/wp\/v2\/yst_prominent_words?post=60257"}],"curies":[{"name":"wp","href":"https:\/\/api.w.org\/{rel}","templated":true}]}}