{"id":59784,"date":"2024-08-21T20:03:26","date_gmt":"2024-08-21T18:03:26","guid":{"rendered":"https:\/\/osatech.ch\/shop\/index.php\/prodotto\/dahua-videoregistratore-di-rete-wizsense-8ch-compatto-1u-8poe-1hdd"},"modified":"2024-08-28T14:50:40","modified_gmt":"2024-08-28T12:50:40","slug":"dahua-videoregistratore-di-rete-wizsense-8ch-compatto-1u-8poe-1hdd","status":"publish","type":"product","link":"https:\/\/osatech.ch\/shop\/index.php\/prodotto\/dahua-videoregistratore-di-rete-wizsense-8ch-compatto-1u-8poe-1hdd","title":{"rendered":"Dahua Videoregistratore di rete WizSense 8CH compatto 1U 8PoE 1HDD"},"content":{"rendered":"<p>WizSense \u00e8 stato lanciato da Dahua Technology e offre una gamma di prodotti e soluzioni AI che utilizzano un chip AI indipendente e un algoritmo di deep learning. Si concentra su persone e veicoli con elevata precisione, consentendo agli utenti di rispondere rapidamente a obiettivi definiti. Basato sulle tecnologie avanzate di Dahua, WizSense offre prodotti e soluzioni intelligenti, semplici e completi.<\/p>\n<p>Parametri tecnici:<\/p>\n<p>&#8211; Formato di decodifica Smart H.265+\/H.265\/SmartH.264+\/H.264\/MJPEG.<br \/>\n&#8211; Accesso, archiviazione o trasferimento a 256 Mbps (180 Mbps se la funzione AI \u00e8 abilitata).<br \/>\n&#8211; Capacit\u00e0 massima Capacit\u00e0 di decodifica: 16 \u00d7 1080p@30 fps. Supporta la decodifica adattiva.<br \/>\n&#8211; Funzione AI tramite NVR: rilevamento facciale a 1 canale e protezione perimetrale a 2 canali; fino a 10 database di volti e 20.000 immagini di volti; 4 canali SMD Plus.<br \/>\n&#8211; Funzione AI tramite fotocamera: rilevamento e riconoscimento volti, protezione perimetrale; CMSPlus; contare le persone; analisi stereo; mappa termica.<br \/>\n&#8211; Collegato a telecamere di rete di terze parti.<br \/>\n&#8211; Sicurezza di base 2.3<\/p>\n","protected":false},"excerpt":{"rendered":"<p>WizSense \u00e8 stato lanciato da Dahua Technology e offre una gamma di prodotti e soluzioni AI che utilizzano un chip AI indipendente e un algoritmo di deep learning. Si concentra su persone e veicoli con elevata precisione, consentendo agli utenti di rispondere rapidamente a obiettivi definiti. Basato sulle tecnologie avanzate di Dahua, WizSense offre prodotti [&hellip;]<\/p>\n","protected":false},"featured_media":60683,"template":"","meta":[],"product_brand":[],"product_cat":[4088,3971],"product_tag":[],"yst_prominent_words":[],"class_list":{"0":"post-59784","1":"product","2":"type-product","3":"status-publish","4":"has-post-thumbnail","6":"product_cat-registratori-dahua","7":"product_cat-videosorveglianza-registratori","9":"first","10":"instock","11":"taxable","12":"shipping-taxable","13":"purchasable","14":"product-type-simple"},"_links":{"self":[{"href":"https:\/\/osatech.ch\/shop\/index.php\/wp-json\/wp\/v2\/product\/59784","targetHints":{"allow":["GET"]}}],"collection":[{"href":"https:\/\/osatech.ch\/shop\/index.php\/wp-json\/wp\/v2\/product"}],"about":[{"href":"https:\/\/osatech.ch\/shop\/index.php\/wp-json\/wp\/v2\/types\/product"}],"wp:featuredmedia":[{"embeddable":true,"href":"https:\/\/osatech.ch\/shop\/index.php\/wp-json\/wp\/v2\/media\/60683"}],"wp:attachment":[{"href":"https:\/\/osatech.ch\/shop\/index.php\/wp-json\/wp\/v2\/media?parent=59784"}],"wp:term":[{"taxonomy":"product_brand","embeddable":true,"href":"https:\/\/osatech.ch\/shop\/index.php\/wp-json\/wp\/v2\/product_brand?post=59784"},{"taxonomy":"product_cat","embeddable":true,"href":"https:\/\/osatech.ch\/shop\/index.php\/wp-json\/wp\/v2\/product_cat?post=59784"},{"taxonomy":"product_tag","embeddable":true,"href":"https:\/\/osatech.ch\/shop\/index.php\/wp-json\/wp\/v2\/product_tag?post=59784"},{"taxonomy":"yst_prominent_words","embeddable":true,"href":"https:\/\/osatech.ch\/shop\/index.php\/wp-json\/wp\/v2\/yst_prominent_words?post=59784"}],"curies":[{"name":"wp","href":"https:\/\/api.w.org\/{rel}","templated":true}]}}