{"id":59568,"date":"2024-08-21T18:28:30","date_gmt":"2024-08-21T16:28:30","guid":{"rendered":"https:\/\/osatech.ch\/shop\/index.php\/prodotto\/dahua-telecamera-bullet-hdcvi-a-fuoco-fisso-ir-da-5-mp-3"},"modified":"2024-08-28T14:17:48","modified_gmt":"2024-08-28T12:17:48","slug":"dahua-telecamera-bullet-hdcvi-a-fuoco-fisso-ir-da-5-mp-3","status":"publish","type":"product","link":"https:\/\/osatech.ch\/shop\/index.php\/prodotto\/dahua-telecamera-bullet-hdcvi-a-fuoco-fisso-ir-da-5-mp-3","title":{"rendered":"Dahua Telecamera bullet HDCVI a fuoco fisso IR da 5 MP"},"content":{"rendered":"<p>HFW2541SP-S-0280B-S2| Telecamera di rete WizSense 5MP IR con fuoco fisso |<\/p>\n<p>WizSense \u00e8 stato introdotto da Dahua Technology, che utilizza un chip AI indipendente e un algoritmo di deep learning. Si concentra su persone e veicoli con elevata precisione, consentendo agli utenti di rispondere rapidamente a obiettivi definiti. Basato sulle tecnologie avanzate di Dahua, WizSense offre prodotti e soluzioni intelligenti, semplici e completi.<\/p>\n<p>Parametri tecnici:<\/p>\n<p>*I parametri e le schede tecniche seguenti possono applicarsi solo alla serie 2541-S2.<\/p>\n<p>&#8211; Sensore di immagine CMOS da 5 MP da 1\/2,7&#8243;, immagine a bassa luminanza e ad alta definizione.<br \/>\n&#8211; Uscita massima 5 MP (2960 \u00d7 1668) a 20 fps e supporta 2688 \u00d7 1520 (2688 \u00d7 1520)) a 25\/30 fotogrammi per secondo<br \/>\n&#8211; Codec H.265, tasso di compressione elevato, bit rate molto basso<br \/>\n&#8211; LED IR integrato, distanza di illuminazione massima di 30 m<br \/>\n265+, codifica flessibile, applicabile a varie larghezze di banda e ambienti di archiviazione<br \/>\n&#8211; Modalit\u00e0 rotazione, WDR, 3D NR, HLC. , BLC, filigrana digitale, applicabile a varie scene di monitoraggio &#8211; Monitoraggio intelligente: intrusione, filo di sgancio (entrambe le funzioni supportano la classificazione e il rilevamento precisi di veicoli e persone &#8211; Rilevamento di anomalie: rilevamento di movimento, manomissione video, audio)<br \/>\n.<br \/>\nrilevamento, nessuna scheda SD, scheda SD piena, rilevamento audio errore scheda SD, nessuna scheda SD, scheda SD piena, errore scheda SD, disconnessione di rete, conflitto IP, accesso illegale, ecc. e rilevamento della tensione.<br \/>\n&#8211; Supporta la scheda Micro SD max. Micro SD da 256 GB; MICROFONO incorporato.<br \/>\n&#8211; Alimentazione 12 VCC\/PoE.<br \/>\n&#8211; Protezione IP67.<br \/>\n&#8211; SMDPlus.<\/p>\n","protected":false},"excerpt":{"rendered":"<p>HFW2541SP-S-0280B-S2| Telecamera di rete WizSense 5MP IR con fuoco fisso | WizSense \u00e8 stato introdotto da Dahua Technology, che utilizza un chip AI indipendente e un algoritmo di deep learning. Si concentra su persone e veicoli con elevata precisione, consentendo agli utenti di rispondere rapidamente a obiettivi definiti. Basato sulle tecnologie avanzate di Dahua, WizSense [&hellip;]<\/p>\n","protected":false},"featured_media":59567,"template":"","meta":[],"product_brand":[],"product_cat":[4250,4240],"product_tag":[],"yst_prominent_words":[],"class_list":{"0":"post-59568","1":"product","2":"type-product","3":"status-publish","4":"has-post-thumbnail","6":"product_cat-bullet-dome-dahua-telecamere-dahua","7":"product_cat-telecamere-dahua","9":"first","10":"instock","11":"taxable","12":"shipping-taxable","13":"purchasable","14":"product-type-simple"},"_links":{"self":[{"href":"https:\/\/osatech.ch\/shop\/index.php\/wp-json\/wp\/v2\/product\/59568","targetHints":{"allow":["GET"]}}],"collection":[{"href":"https:\/\/osatech.ch\/shop\/index.php\/wp-json\/wp\/v2\/product"}],"about":[{"href":"https:\/\/osatech.ch\/shop\/index.php\/wp-json\/wp\/v2\/types\/product"}],"wp:featuredmedia":[{"embeddable":true,"href":"https:\/\/osatech.ch\/shop\/index.php\/wp-json\/wp\/v2\/media\/59567"}],"wp:attachment":[{"href":"https:\/\/osatech.ch\/shop\/index.php\/wp-json\/wp\/v2\/media?parent=59568"}],"wp:term":[{"taxonomy":"product_brand","embeddable":true,"href":"https:\/\/osatech.ch\/shop\/index.php\/wp-json\/wp\/v2\/product_brand?post=59568"},{"taxonomy":"product_cat","embeddable":true,"href":"https:\/\/osatech.ch\/shop\/index.php\/wp-json\/wp\/v2\/product_cat?post=59568"},{"taxonomy":"product_tag","embeddable":true,"href":"https:\/\/osatech.ch\/shop\/index.php\/wp-json\/wp\/v2\/product_tag?post=59568"},{"taxonomy":"yst_prominent_words","embeddable":true,"href":"https:\/\/osatech.ch\/shop\/index.php\/wp-json\/wp\/v2\/yst_prominent_words?post=59568"}],"curies":[{"name":"wp","href":"https:\/\/api.w.org\/{rel}","templated":true}]}}