{"id":57489,"date":"2024-08-21T13:37:22","date_gmt":"2024-08-21T11:37:22","guid":{"rendered":"https:\/\/osatech.ch\/shop\/index.php\/prodotto\/jablotron-modulo-accesso-bus-con-tastiera-e-lettore-rfir-grigio"},"modified":"2025-11-28T14:13:34","modified_gmt":"2025-11-28T13:13:34","slug":"jablotron-modulo-accesso-bus-con-tastiera-e-lettore-rfir-grigio","status":"publish","type":"product","link":"https:\/\/osatech.ch\/shop\/index.php\/prodotto\/jablotron-modulo-accesso-bus-con-tastiera-e-lettore-rfir-grigio","title":{"rendered":"Jablotron Modulo accesso bus con tastiera e lettore RFIR &#8211; Grigio"},"content":{"rendered":"<p>|JA-113EAN| Modulo accesso bus con tastiera e lettore RFIR<\/p>\n<p>Il JA-113E \u00e8 un modulo di accesso con chiavi di controllo, un lettore RFID ed \u00e8 stato appositamente progettato per il controllo di un sistema di allarme.<\/p>\n<p>Ha un segmento di controllo e pu\u00f2 essere equipaggiato, se necessario, con un massimo di 20 segmenti di controllo JA-192E. Permette di controllare il sistema di allarme utilizzando i segmenti. La comunicazione e l&#8217;alimentazione avvengono tramite BUS. Funzione di risparmio energetico in caso di interruzione dell&#8217;alimentazione di rete. Al modulo viene assegnato un indirizzo e occupa una posizione nel sistema.<\/p>\n","protected":false},"excerpt":{"rendered":"<p>|JA-113EAN| Modulo accesso bus con tastiera e lettore RFIR Il JA-113E \u00e8 un modulo di accesso con chiavi di controllo, un lettore RFID ed \u00e8 stato appositamente progettato per il controllo di un sistema di allarme. Ha un segmento di controllo e pu\u00f2 essere equipaggiato, se necessario, con un massimo di 20 segmenti di controllo [&hellip;]<\/p>\n","protected":false},"featured_media":0,"template":"","meta":[],"product_brand":[],"product_cat":[3999,4104],"product_tag":[],"yst_prominent_words":[],"class_list":{"0":"post-57489","1":"product","2":"type-product","3":"status-publish","5":"product_cat-allarmi-casa-e-ufficio-jablotron","6":"product_cat-tastiere-jablotron-allarmi-casa-e-ufficio-jablotron","8":"first","9":"instock","10":"taxable","11":"shipping-taxable","12":"purchasable","13":"product-type-simple"},"_links":{"self":[{"href":"https:\/\/osatech.ch\/shop\/index.php\/wp-json\/wp\/v2\/product\/57489","targetHints":{"allow":["GET"]}}],"collection":[{"href":"https:\/\/osatech.ch\/shop\/index.php\/wp-json\/wp\/v2\/product"}],"about":[{"href":"https:\/\/osatech.ch\/shop\/index.php\/wp-json\/wp\/v2\/types\/product"}],"wp:attachment":[{"href":"https:\/\/osatech.ch\/shop\/index.php\/wp-json\/wp\/v2\/media?parent=57489"}],"wp:term":[{"taxonomy":"product_brand","embeddable":true,"href":"https:\/\/osatech.ch\/shop\/index.php\/wp-json\/wp\/v2\/product_brand?post=57489"},{"taxonomy":"product_cat","embeddable":true,"href":"https:\/\/osatech.ch\/shop\/index.php\/wp-json\/wp\/v2\/product_cat?post=57489"},{"taxonomy":"product_tag","embeddable":true,"href":"https:\/\/osatech.ch\/shop\/index.php\/wp-json\/wp\/v2\/product_tag?post=57489"},{"taxonomy":"yst_prominent_words","embeddable":true,"href":"https:\/\/osatech.ch\/shop\/index.php\/wp-json\/wp\/v2\/yst_prominent_words?post=57489"}],"curies":[{"name":"wp","href":"https:\/\/api.w.org\/{rel}","templated":true}]}}