{"id":57405,"date":"2024-08-21T08:22:23","date_gmt":"2024-08-21T06:22:23","guid":{"rendered":"https:\/\/osatech.ch\/shop\/index.php\/prodotto\/jablotron-rilevatore-di-gas-combustibile"},"modified":"2025-11-28T14:33:33","modified_gmt":"2025-11-28T13:33:33","slug":"jablotron-rilevatore-di-gas-combustibile","status":"publish","type":"product","link":"https:\/\/osatech.ch\/shop\/index.php\/prodotto\/jablotron-rilevatore-di-gas-combustibile","title":{"rendered":"Jablotron Rilevatore di gas combustibile"},"content":{"rendered":"<p>GS-133| Rilevatore di gas combustibile |<\/p>\n<p>Questo rilevatore GS-133 segnala fughe di gas combustibile. Il rilevatore rileva gas naturale, metano, propano, butano, idrogeno e risponde a due livelli di concentrazione di gas combustibile. Alimentazione 12 V.<\/p>\n<p>Le propriet\u00e0 caratteristiche del rilevatore includono eccellente stabilit\u00e0, elevata sensibilit\u00e0, lunga durata e dimensioni ridotte. La fuga di gas viene segnalata dal rilevatore visivamente e acusticamente. Dispone inoltre di un rel\u00e8 di uscita con funzione selezionabile.<\/p>\n<p>Il dispositivo pu\u00f2 essere integrato nel sistema JA-100+ in combinazione con un alimentatore JA-112M (BUS) o JA-150M (RADIO consigliato).<br \/>\nDOCUMENTAZIONE<\/p>\n","protected":false},"excerpt":{"rendered":"<p>GS-133| Rilevatore di gas combustibile | Questo rilevatore GS-133 segnala fughe di gas combustibile. Il rilevatore rileva gas naturale, metano, propano, butano, idrogeno e risponde a due livelli di concentrazione di gas combustibile. Alimentazione 12 V. Le propriet\u00e0 caratteristiche del rilevatore includono eccellente stabilit\u00e0, elevata sensibilit\u00e0, lunga durata e dimensioni ridotte. La fuga di gas [&hellip;]<\/p>\n","protected":false},"featured_media":57404,"template":"","meta":[],"product_brand":[],"product_cat":[3999,4105],"product_tag":[],"yst_prominent_words":[],"class_list":{"0":"post-57405","1":"product","2":"type-product","3":"status-publish","4":"has-post-thumbnail","6":"product_cat-allarmi-casa-e-ufficio-jablotron","7":"product_cat-sensori-jablotron-allarmi","9":"first","10":"instock","11":"taxable","12":"shipping-taxable","13":"purchasable","14":"product-type-simple"},"_links":{"self":[{"href":"https:\/\/osatech.ch\/shop\/index.php\/wp-json\/wp\/v2\/product\/57405","targetHints":{"allow":["GET"]}}],"collection":[{"href":"https:\/\/osatech.ch\/shop\/index.php\/wp-json\/wp\/v2\/product"}],"about":[{"href":"https:\/\/osatech.ch\/shop\/index.php\/wp-json\/wp\/v2\/types\/product"}],"wp:featuredmedia":[{"embeddable":true,"href":"https:\/\/osatech.ch\/shop\/index.php\/wp-json\/wp\/v2\/media\/57404"}],"wp:attachment":[{"href":"https:\/\/osatech.ch\/shop\/index.php\/wp-json\/wp\/v2\/media?parent=57405"}],"wp:term":[{"taxonomy":"product_brand","embeddable":true,"href":"https:\/\/osatech.ch\/shop\/index.php\/wp-json\/wp\/v2\/product_brand?post=57405"},{"taxonomy":"product_cat","embeddable":true,"href":"https:\/\/osatech.ch\/shop\/index.php\/wp-json\/wp\/v2\/product_cat?post=57405"},{"taxonomy":"product_tag","embeddable":true,"href":"https:\/\/osatech.ch\/shop\/index.php\/wp-json\/wp\/v2\/product_tag?post=57405"},{"taxonomy":"yst_prominent_words","embeddable":true,"href":"https:\/\/osatech.ch\/shop\/index.php\/wp-json\/wp\/v2\/yst_prominent_words?post=57405"}],"curies":[{"name":"wp","href":"https:\/\/api.w.org\/{rel}","templated":true}]}}