{"id":334291,"date":"2024-10-31T16:38:28","date_gmt":"2024-10-31T15:38:28","guid":{"rendered":"https:\/\/osatech.ch\/shop\/index.php\/prodotto\/hikvision-videocitofono-postazione-esterna-ip-villa-3"},"modified":"2024-10-31T16:38:28","modified_gmt":"2024-10-31T15:38:28","slug":"hikvision-videocitofono-postazione-esterna-ip-villa-3","status":"publish","type":"product","link":"https:\/\/osatech.ch\/shop\/index.php\/prodotto\/hikvision-videocitofono-postazione-esterna-ip-villa-3","title":{"rendered":"HikVision Videocitofono postazione esterna IP Villa"},"content":{"rendered":"<p>Hikvision DS-KV6113-PE1(C) \u00e8 un videocitofono di alta qualit\u00e0 progettato per migliorare la sicurezza e la comodit\u00e0. Il design robusto e accattivante combina tecnologia avanzata, inclusa una telecamera HD ad alta risoluzione con funzionalit\u00e0 di visione notturna, per fornire immagini nitide giorno e notte. Il citofono ha una funzione audio bidirezionale che consente agli utenti di comunicare con i visitatori e rilevare potenziali pericoli.<\/p>\n<p>Con la funzione di rilevamento del movimento integrata, gli utenti possono tenere d&#8217;occhio le attivit\u00e0 sospette intorno alla propria porta e ricevere notifiche istantanee sui propri smartphone o altri dispositivi mobili. Il sistema citofonico DS-KV6113-PE1(C) supporta l&#8217;accesso remoto tramite Hik-connect, in modo che gli utenti possano tenere d&#8217;occhio la propria porta d&#8217;ingresso in qualsiasi momento e da qualsiasi luogo.<\/p>\n<p>Grazie alla facilit\u00e0 di installazione e al funzionamento intuitivo, questo sistema di videocitofono offre un modo efficace per aumentare i livelli di sicurezza e sorveglianza e controllare gli accessi.<\/p>\n<p>PoE standard<br \/>\nFotocamera HD da 2MP<br \/>\nCancellazione del rumore e dell&#8217;eco<br \/>\nVisione notturna IR<br \/>\nFunzioni di controllo accessi 2000 utenti<br \/>\nWifi<\/p>\n","protected":false},"excerpt":{"rendered":"<p>Hikvision DS-KV6113-PE1(C) \u00e8 un videocitofono di alta qualit\u00e0 progettato per migliorare la sicurezza e la comodit\u00e0. Il design robusto e accattivante combina tecnologia avanzata, inclusa una telecamera HD ad alta risoluzione con funzionalit\u00e0 di visione notturna, per fornire immagini nitide giorno e notte. Il citofono ha una funzione audio bidirezionale che consente agli utenti di [&hellip;]<\/p>\n","protected":false},"featured_media":334290,"template":"","meta":[],"product_brand":[],"product_cat":[4186,3828],"product_tag":[],"yst_prominent_words":[],"class_list":{"0":"post-334291","1":"product","2":"type-product","3":"status-publish","4":"has-post-thumbnail","6":"product_cat-hikvision","7":"product_cat-videocitofonia","9":"first","10":"instock","11":"taxable","12":"shipping-taxable","13":"purchasable","14":"product-type-simple"},"_links":{"self":[{"href":"https:\/\/osatech.ch\/shop\/index.php\/wp-json\/wp\/v2\/product\/334291","targetHints":{"allow":["GET"]}}],"collection":[{"href":"https:\/\/osatech.ch\/shop\/index.php\/wp-json\/wp\/v2\/product"}],"about":[{"href":"https:\/\/osatech.ch\/shop\/index.php\/wp-json\/wp\/v2\/types\/product"}],"wp:featuredmedia":[{"embeddable":true,"href":"https:\/\/osatech.ch\/shop\/index.php\/wp-json\/wp\/v2\/media\/334290"}],"wp:attachment":[{"href":"https:\/\/osatech.ch\/shop\/index.php\/wp-json\/wp\/v2\/media?parent=334291"}],"wp:term":[{"taxonomy":"product_brand","embeddable":true,"href":"https:\/\/osatech.ch\/shop\/index.php\/wp-json\/wp\/v2\/product_brand?post=334291"},{"taxonomy":"product_cat","embeddable":true,"href":"https:\/\/osatech.ch\/shop\/index.php\/wp-json\/wp\/v2\/product_cat?post=334291"},{"taxonomy":"product_tag","embeddable":true,"href":"https:\/\/osatech.ch\/shop\/index.php\/wp-json\/wp\/v2\/product_tag?post=334291"},{"taxonomy":"yst_prominent_words","embeddable":true,"href":"https:\/\/osatech.ch\/shop\/index.php\/wp-json\/wp\/v2\/yst_prominent_words?post=334291"}],"curies":[{"name":"wp","href":"https:\/\/api.w.org\/{rel}","templated":true}]}}