{"id":26726,"date":"2022-11-24T15:11:51","date_gmt":"2022-11-24T14:11:51","guid":{"rendered":"https:\/\/osatech.ch\/shop\/prodotto\/jablotron-telecomando-bidirezionale-4-tasti-2"},"modified":"2025-04-25T15:45:24","modified_gmt":"2025-04-25T13:45:24","slug":"jablotron-telecomando-bidirezionale-4-tasti-2","status":"publish","type":"product","link":"https:\/\/osatech.ch\/shop\/index.php\/prodotto\/jablotron-telecomando-bidirezionale-4-tasti-2","title":{"rendered":"Jablotron Telecomando Bidirezionale 4 Tasti"},"content":{"rendered":"<p>Jablotron Telecomando Bidirezionale 4 Tasti<\/p>\n<p>Il rilevatore consente il controllo da remoto di un sistema di sicurezza oltre a vari dispositivi elettrici, oppure l&#8217;attivazione di un allarme di emergenza.<br \/>\nLa conferma dell&#8217;esecuzione di un comando viene data attraverso un riscontro ottico e acustico. Tutte queste operazioni possono essere effettuate anche con sistemi JABLOTRON 100+ multipli (per es. a casa o in ufficio).<br \/>\n\u00c8 inoltre possibile abbinare il telecomando per controllo da remoto a un rel\u00e8 multifunzione del tipo AC-16x, per controllare il rel\u00e8 in conformit\u00e0 con la modalit\u00e0 selezionata.<br \/>\nIl controllo \u00e8 dotato di indicatori ottici e acustici relativi all&#8217;esecuzione di un comando.<br \/>\nIl controllo pu\u00f2 essere abbinato a  molteplici sistemi o rel\u00e8 multifunzione.<br \/>\nControlla lo stato delle batterie e indica quando queste ultime sono scariche.<br \/>\nSe viene mantenuta a lungo la pressione di un tasto, sar\u00e0 inviato un segnale di attivazione ogni secondo. Questa funzione pu\u00f2 essere usata, ad esempio, per estendere l&#8217;impulso di un&#8217;uscita PG (ad esempio per la chiusura graduale delle tende a rullo).<br \/>\n\u00c8 possibile disattivare il suono dei tasti.<br \/>\nDotato di funzione di blocco dei tasti.<br \/>\nImpostazioni avanzate attivabili alla doppia pressione di un tasto.<br \/>\nQuesto controllo \u00e8 un dispositivo del sistema JABLOTRON 100+, \u00e8 indirizzabile e occupa una posizione nel sistema.<\/p>\n","protected":false},"excerpt":{"rendered":"<p>Jablotron Telecomando Bidirezionale 4 Tasti Il rilevatore consente il controllo da remoto di un sistema di sicurezza oltre a vari dispositivi elettrici, oppure l&#8217;attivazione di un allarme di emergenza. La conferma dell&#8217;esecuzione di un comando viene data attraverso un riscontro ottico e acustico. Tutte queste operazioni possono essere effettuate anche con sistemi JABLOTRON 100+ multipli [&hellip;]<\/p>\n","protected":false},"featured_media":32242,"template":"","meta":[],"product_brand":[],"product_cat":[3999,4180],"product_tag":[],"yst_prominent_words":[],"class_list":{"0":"post-26726","1":"product","2":"type-product","3":"status-publish","4":"has-post-thumbnail","6":"product_cat-allarmi-casa-e-ufficio-jablotron","7":"product_cat-comandi-jablotron-allarmi-casa-e-ufficio-jablotron-2","9":"first","10":"instock","11":"taxable","12":"shipping-taxable","13":"purchasable","14":"product-type-simple"},"_links":{"self":[{"href":"https:\/\/osatech.ch\/shop\/index.php\/wp-json\/wp\/v2\/product\/26726","targetHints":{"allow":["GET"]}}],"collection":[{"href":"https:\/\/osatech.ch\/shop\/index.php\/wp-json\/wp\/v2\/product"}],"about":[{"href":"https:\/\/osatech.ch\/shop\/index.php\/wp-json\/wp\/v2\/types\/product"}],"wp:featuredmedia":[{"embeddable":true,"href":"https:\/\/osatech.ch\/shop\/index.php\/wp-json\/wp\/v2\/media\/32242"}],"wp:attachment":[{"href":"https:\/\/osatech.ch\/shop\/index.php\/wp-json\/wp\/v2\/media?parent=26726"}],"wp:term":[{"taxonomy":"product_brand","embeddable":true,"href":"https:\/\/osatech.ch\/shop\/index.php\/wp-json\/wp\/v2\/product_brand?post=26726"},{"taxonomy":"product_cat","embeddable":true,"href":"https:\/\/osatech.ch\/shop\/index.php\/wp-json\/wp\/v2\/product_cat?post=26726"},{"taxonomy":"product_tag","embeddable":true,"href":"https:\/\/osatech.ch\/shop\/index.php\/wp-json\/wp\/v2\/product_tag?post=26726"},{"taxonomy":"yst_prominent_words","embeddable":true,"href":"https:\/\/osatech.ch\/shop\/index.php\/wp-json\/wp\/v2\/yst_prominent_words?post=26726"}],"curies":[{"name":"wp","href":"https:\/\/api.w.org\/{rel}","templated":true}]}}