{"id":24388,"date":"2022-09-09T18:05:25","date_gmt":"2022-09-09T16:05:25","guid":{"rendered":"https:\/\/osatech.ch\/shop\/prodotto\/eter-stealth-rel8-scheda-uscite-8-rele-remotizzabile-in-rs485"},"modified":"2024-08-25T18:22:12","modified_gmt":"2024-08-25T16:22:12","slug":"eter-stealth-rel8-scheda-uscite-8-rele-remotizzabile-in-rs485","status":"publish","type":"product","link":"https:\/\/osatech.ch\/shop\/index.php\/prodotto\/eter-stealth-rel8-scheda-uscite-8-rele-remotizzabile-in-rs485","title":{"rendered":"ETER Stealth Rel8 Scheda uscite 8 rel\u00e9 remotizzabile in RS485"},"content":{"rendered":"<p>ETER Stealth Rel8 Scheda uscite 8 rel\u00e9 remotizzabile in RS485<br \/>\nOgni  linea  RS485  supporta  fino  a  massimo  2  Rel8  (16  rel\u00e8) espandibili ciascuno con Exp8 (quindi fino a un massimo totale per linea RS485 di 32 rel\u00e8)<\/p>\n","protected":false},"excerpt":{"rendered":"<p>ETER Stealth Rel8 Scheda uscite 8 rel\u00e9 remotizzabile in RS485 Ogni linea RS485 supporta fino a massimo 2 Rel8 (16 rel\u00e8) espandibili ciascuno con Exp8 (quindi fino a un massimo totale per linea RS485 di 32 rel\u00e8)<\/p>\n","protected":false},"featured_media":32355,"template":"","meta":[],"product_brand":[],"product_cat":[4047],"product_tag":[],"yst_prominent_words":[],"class_list":{"0":"post-24388","1":"product","2":"type-product","3":"status-publish","4":"has-post-thumbnail","6":"product_cat-allarmi-invisibili","8":"first","9":"instock","10":"taxable","11":"shipping-taxable","12":"purchasable","13":"product-type-simple"},"_links":{"self":[{"href":"https:\/\/osatech.ch\/shop\/index.php\/wp-json\/wp\/v2\/product\/24388","targetHints":{"allow":["GET"]}}],"collection":[{"href":"https:\/\/osatech.ch\/shop\/index.php\/wp-json\/wp\/v2\/product"}],"about":[{"href":"https:\/\/osatech.ch\/shop\/index.php\/wp-json\/wp\/v2\/types\/product"}],"wp:featuredmedia":[{"embeddable":true,"href":"https:\/\/osatech.ch\/shop\/index.php\/wp-json\/wp\/v2\/media\/32355"}],"wp:attachment":[{"href":"https:\/\/osatech.ch\/shop\/index.php\/wp-json\/wp\/v2\/media?parent=24388"}],"wp:term":[{"taxonomy":"product_brand","embeddable":true,"href":"https:\/\/osatech.ch\/shop\/index.php\/wp-json\/wp\/v2\/product_brand?post=24388"},{"taxonomy":"product_cat","embeddable":true,"href":"https:\/\/osatech.ch\/shop\/index.php\/wp-json\/wp\/v2\/product_cat?post=24388"},{"taxonomy":"product_tag","embeddable":true,"href":"https:\/\/osatech.ch\/shop\/index.php\/wp-json\/wp\/v2\/product_tag?post=24388"},{"taxonomy":"yst_prominent_words","embeddable":true,"href":"https:\/\/osatech.ch\/shop\/index.php\/wp-json\/wp\/v2\/yst_prominent_words?post=24388"}],"curies":[{"name":"wp","href":"https:\/\/api.w.org\/{rel}","templated":true}]}}