{"id":228118,"date":"2024-10-10T10:59:05","date_gmt":"2024-10-10T08:59:05","guid":{"rendered":"https:\/\/osatech.ch\/shop\/index.php\/prodotto\/faac-automazione-c851-motoriduttore-230v-peso-max-anta-1-800-kg"},"modified":"2025-02-18T10:34:02","modified_gmt":"2025-02-18T09:34:02","slug":"faac-automazione-c851-motoriduttore-230v-peso-max-anta-1-800-kg","status":"publish","type":"product","link":"https:\/\/osatech.ch\/shop\/index.php\/prodotto\/faac-automazione-c851-motoriduttore-230v-peso-max-anta-1-800-kg","title":{"rendered":"Faac Automazione C851 Motoriduttore 230V Peso max anta  1.800 Kg"},"content":{"rendered":"<p>Ideale per applicazioni speciali in cui siano richiesti elevata velocit\u00e0 ed un servizio continuo (100%).<br \/>\nIrreversibilit\u00e0 garantita da elettrofreno integrato sul potente motoriduttore da 1.1KW.<br \/>\nProgrammazione della velocit\u00e0 mediante inverter di frequenza integrato nella scheda di comando E850S.<\/p>\n<p>C851 comprende: un motoriduttore predisposto per applicazione a cremagliera con pignone Z28, con apparecchiatura elettronica E850S dotata di inverter a bordo e finecorsa magnetici e meccanici incorporati.<\/p>\n<p>Tensione di alimentazione di rete 220-240V~ 50\/60 Hz<br \/>\nMotore elettrico 1.1 KW trifase a quattro poli<br \/>\nTipo di motoriduttore Vite senza fine con lubrificazione ad olio<br \/>\nPotenza max 1.800 W<br \/>\nCoppia max 168 Nm<br \/>\nForza max di spinta 3.000 N<br \/>\nLarghezza max anta 20 m<br \/>\nVelocit\u00e0 dell\u2019anta 20 \u00f7 40 m\/min (regolabile)<br \/>\nRegolazione velocit\u00e0 e controllo motore Su scheda elettronica<br \/>\nFinecorsa meccanici integrati + magnetico<br \/>\nPignone Z28 modulo 4<br \/>\nTemperatura ambiente di esercizio -20\u00b0C \u00f7 +55\u00b0C<br \/>\nTermoprotezione 75\u00b0C<br \/>\nGrado di protezione IP54<br \/>\nPeso 40 Kg<br \/>\nDimensioni (LxPxH) 510 x 295 x 467 mm<br \/>\nPeso max anta 1.800 Kg<br \/>\nFrequenza di utilizzo 100% (T=25 \u00b0C)<br \/>\nApparecchiatura elettronica E850S incorporata<\/p>\n","protected":false},"excerpt":{"rendered":"<p>Ideale per applicazioni speciali in cui siano richiesti elevata velocit\u00e0 ed un servizio continuo (100%). Irreversibilit\u00e0 garantita da elettrofreno integrato sul potente motoriduttore da 1.1KW. Programmazione della velocit\u00e0 mediante inverter di frequenza integrato nella scheda di comando E850S. C851 comprende: un motoriduttore predisposto per applicazione a cremagliera con pignone Z28, con apparecchiatura elettronica E850S dotata [&hellip;]<\/p>\n","protected":false},"featured_media":228117,"template":"","meta":[],"product_brand":[],"product_cat":[4303,3963],"product_tag":[],"yst_prominent_words":[],"class_list":{"0":"post-228118","1":"product","2":"type-product","3":"status-publish","4":"has-post-thumbnail","6":"product_cat-cancelli-faac","7":"product_cat-cancelli-residenziali-e-aziendali","9":"first","10":"instock","11":"taxable","12":"shipping-taxable","13":"purchasable","14":"product-type-simple"},"_links":{"self":[{"href":"https:\/\/osatech.ch\/shop\/index.php\/wp-json\/wp\/v2\/product\/228118","targetHints":{"allow":["GET"]}}],"collection":[{"href":"https:\/\/osatech.ch\/shop\/index.php\/wp-json\/wp\/v2\/product"}],"about":[{"href":"https:\/\/osatech.ch\/shop\/index.php\/wp-json\/wp\/v2\/types\/product"}],"wp:featuredmedia":[{"embeddable":true,"href":"https:\/\/osatech.ch\/shop\/index.php\/wp-json\/wp\/v2\/media\/228117"}],"wp:attachment":[{"href":"https:\/\/osatech.ch\/shop\/index.php\/wp-json\/wp\/v2\/media?parent=228118"}],"wp:term":[{"taxonomy":"product_brand","embeddable":true,"href":"https:\/\/osatech.ch\/shop\/index.php\/wp-json\/wp\/v2\/product_brand?post=228118"},{"taxonomy":"product_cat","embeddable":true,"href":"https:\/\/osatech.ch\/shop\/index.php\/wp-json\/wp\/v2\/product_cat?post=228118"},{"taxonomy":"product_tag","embeddable":true,"href":"https:\/\/osatech.ch\/shop\/index.php\/wp-json\/wp\/v2\/product_tag?post=228118"},{"taxonomy":"yst_prominent_words","embeddable":true,"href":"https:\/\/osatech.ch\/shop\/index.php\/wp-json\/wp\/v2\/yst_prominent_words?post=228118"}],"curies":[{"name":"wp","href":"https:\/\/api.w.org\/{rel}","templated":true}]}}