{"id":198833,"date":"2024-09-18T10:12:23","date_gmt":"2024-09-18T08:12:23","guid":{"rendered":"https:\/\/osatech.ch\/shop\/index.php\/prodotto\/telecamera-di-rete-mini-pt-dome-da-3-pollici-4-mp-zoom-4x"},"modified":"2026-02-20T13:18:31","modified_gmt":"2026-02-20T12:18:31","slug":"telecamera-di-rete-mini-pt-dome-da-3-pollici-4-mp-zoom-4x","status":"publish","type":"product","link":"https:\/\/osatech.ch\/shop\/index.php\/prodotto\/telecamera-di-rete-mini-pt-dome-da-3-pollici-4-mp-zoom-4x","title":{"rendered":"Telecamera di rete Mini PT Dome da 3 pollici, 4 MP, zoom 4x"},"content":{"rendered":"<p>Immagini di alta qualit\u00e0 con risoluzione 4 MP<br \/>\nImmagini nitide anche in condizioni di forte retroilluminazione grazie alla tecnologia WDR da 120 dB<br \/>\nLa capacit\u00e0 di panoramica e inclinazione consente alla telecamera di monitorare le zone di interesse<br \/>\nLo zoom ottico 4 \u00d7 consente una visione pi\u00f9 ravvicinata dei soggetti in aree estese<br \/>\nResistente all&#8217;acqua e alla polvere (IP66)<\/p>\n","protected":false},"excerpt":{"rendered":"<p>Immagini di alta qualit\u00e0 con risoluzione 4 MP Immagini nitide anche in condizioni di forte retroilluminazione grazie alla tecnologia WDR da 120 dB La capacit\u00e0 di panoramica e inclinazione consente alla telecamera di monitorare le zone di interesse Lo zoom ottico 4 \u00d7 consente una visione pi\u00f9 ravvicinata dei soggetti in aree estese Resistente all&#8217;acqua [&hellip;]<\/p>\n","protected":false},"featured_media":198832,"template":"","meta":[],"product_brand":[],"product_cat":[4118,4023],"product_tag":[],"yst_prominent_words":[],"class_list":{"0":"post-198833","1":"product","2":"type-product","3":"status-publish","4":"has-post-thumbnail","6":"product_cat-bullet-dome-hikvision","7":"product_cat-telecamere-hikvision","9":"first","10":"instock","11":"taxable","12":"shipping-taxable","13":"purchasable","14":"product-type-simple"},"_links":{"self":[{"href":"https:\/\/osatech.ch\/shop\/index.php\/wp-json\/wp\/v2\/product\/198833","targetHints":{"allow":["GET"]}}],"collection":[{"href":"https:\/\/osatech.ch\/shop\/index.php\/wp-json\/wp\/v2\/product"}],"about":[{"href":"https:\/\/osatech.ch\/shop\/index.php\/wp-json\/wp\/v2\/types\/product"}],"wp:featuredmedia":[{"embeddable":true,"href":"https:\/\/osatech.ch\/shop\/index.php\/wp-json\/wp\/v2\/media\/198832"}],"wp:attachment":[{"href":"https:\/\/osatech.ch\/shop\/index.php\/wp-json\/wp\/v2\/media?parent=198833"}],"wp:term":[{"taxonomy":"product_brand","embeddable":true,"href":"https:\/\/osatech.ch\/shop\/index.php\/wp-json\/wp\/v2\/product_brand?post=198833"},{"taxonomy":"product_cat","embeddable":true,"href":"https:\/\/osatech.ch\/shop\/index.php\/wp-json\/wp\/v2\/product_cat?post=198833"},{"taxonomy":"product_tag","embeddable":true,"href":"https:\/\/osatech.ch\/shop\/index.php\/wp-json\/wp\/v2\/product_tag?post=198833"},{"taxonomy":"yst_prominent_words","embeddable":true,"href":"https:\/\/osatech.ch\/shop\/index.php\/wp-json\/wp\/v2\/yst_prominent_words?post=198833"}],"curies":[{"name":"wp","href":"https:\/\/api.w.org\/{rel}","templated":true}]}}