{"id":187867,"date":"2024-09-09T17:38:33","date_gmt":"2024-09-09T15:38:33","guid":{"rendered":"https:\/\/osatech.ch\/shop\/index.php\/prodotto\/otiom-localizzatore-indossabile-studiato-per-le-persone-con-demenza"},"modified":"2025-06-23T13:47:16","modified_gmt":"2025-06-23T11:47:16","slug":"otiom-localizzatore-indossabile-studiato-per-le-persone-con-demenza","status":"publish","type":"product","link":"https:\/\/osatech.ch\/shop\/index.php\/prodotto\/otiom-localizzatore-indossabile-studiato-per-le-persone-con-demenza","title":{"rendered":"OTIOM LOCALIZZATORE INDOSSABILE studiato per le persone con demenza"},"content":{"rendered":"<p>Localizzazione outdoor e indoor<br \/>\nOtiom \u00e8 un localizzatore indossabile di ultima generazione specifico per la sicurezza delle persone con demenza e morbo di Alzheimer e per la tranquillit\u00e0 di chi le assiste.<br \/>\nBasato su tecnologia IoT e reti 5G, rispetto ai comuni tracker GPS \u00e8 molto pi\u00f9 efficiente, innovativo e accurato.<br \/>\nCon i servizi di rete mobile di nuova generazione (Servizi 5G disponibili secondo l\u2019operatore di rete), Otiom localizza l\u2019utente in luoghi aperti e chiusi con precisione a 1 metro.<br \/>\nAnche in ambienti e condizioni difficili: scantinati o sotterranei, cadute in acqua o con il corpo che copre il dispositivo.<br \/>\nIn presenza di reti e servizi 4G le prestazioni sono analoghe ai GPS, con il vantaggio di un sistema pi\u00f9 evoluto e caratteristiche studiate per i malati demenza e i loro caregivers famigliari e professionali.<br \/>\nSicurezza adattabile al grado di autonomia<br \/>\nL\u2019app Otiom permette di impostare per ogni utente una zona di sicurezza individuale, su una data area geografica, e limiti di tempo personali per le uscite. Quando la persona abbandona l\u2019area sicura o si allontana per un tempo superiore a quello stabilito, i caregivers ricevono subito la notifica via SMS o app.<br \/>\nPi\u00f9 efficacia, meno stress<br \/>\nOtiom \u00e8 senza luci n\u00e9 pulsanti, un dettaglio importante che rassicura i malati e i famigliari: nessuno pu\u00f2 \u201cfare qualcosa di sbagliato\u201d.<br \/>\n\u2022 Chi lo indossa non deve portare un bracciale, \u00e8 protetto ma libero di muoversi, ed \u00e8 sempre localizzato e ritrovato in caso di bisogno.<br \/>\n\u2022 Chi presta assistenza mantiene il controllo della situazione con meno stress e maggiore efficienza, intervenendo subito quando serve.<\/p>\n","protected":false},"excerpt":{"rendered":"<p>Localizzazione outdoor e indoor Otiom \u00e8 un localizzatore indossabile di ultima generazione specifico per la sicurezza delle persone con demenza e morbo di Alzheimer e per la tranquillit\u00e0 di chi le assiste. Basato su tecnologia IoT e reti 5G, rispetto ai comuni tracker GPS \u00e8 molto pi\u00f9 efficiente, innovativo e accurato. Con i servizi di [&hellip;]<\/p>\n","protected":false},"featured_media":53742,"template":"","meta":[],"product_brand":[],"product_cat":[3903,3900],"product_tag":[],"yst_prominent_words":[],"class_list":{"0":"post-187867","1":"product","2":"type-product","3":"status-publish","4":"has-post-thumbnail","6":"product_cat-localizzatori","7":"product_cat-sicurezza-anziani","9":"first","10":"instock","11":"taxable","12":"shipping-taxable","13":"purchasable","14":"product-type-simple"},"_links":{"self":[{"href":"https:\/\/osatech.ch\/shop\/index.php\/wp-json\/wp\/v2\/product\/187867","targetHints":{"allow":["GET"]}}],"collection":[{"href":"https:\/\/osatech.ch\/shop\/index.php\/wp-json\/wp\/v2\/product"}],"about":[{"href":"https:\/\/osatech.ch\/shop\/index.php\/wp-json\/wp\/v2\/types\/product"}],"wp:featuredmedia":[{"embeddable":true,"href":"https:\/\/osatech.ch\/shop\/index.php\/wp-json\/wp\/v2\/media\/53742"}],"wp:attachment":[{"href":"https:\/\/osatech.ch\/shop\/index.php\/wp-json\/wp\/v2\/media?parent=187867"}],"wp:term":[{"taxonomy":"product_brand","embeddable":true,"href":"https:\/\/osatech.ch\/shop\/index.php\/wp-json\/wp\/v2\/product_brand?post=187867"},{"taxonomy":"product_cat","embeddable":true,"href":"https:\/\/osatech.ch\/shop\/index.php\/wp-json\/wp\/v2\/product_cat?post=187867"},{"taxonomy":"product_tag","embeddable":true,"href":"https:\/\/osatech.ch\/shop\/index.php\/wp-json\/wp\/v2\/product_tag?post=187867"},{"taxonomy":"yst_prominent_words","embeddable":true,"href":"https:\/\/osatech.ch\/shop\/index.php\/wp-json\/wp\/v2\/yst_prominent_words?post=187867"}],"curies":[{"name":"wp","href":"https:\/\/api.w.org\/{rel}","templated":true}]}}