{"id":16659,"date":"2022-03-23T11:14:47","date_gmt":"2022-03-23T10:14:47","guid":{"rendered":"https:\/\/osatech.ch\/shop\/prodotto\/microsoft-office-365-e3-costo-annuale"},"modified":"2025-12-30T13:50:31","modified_gmt":"2025-12-30T12:50:31","slug":"microsoft-office-365-e3-costo-annuale","status":"publish","type":"product","link":"https:\/\/osatech.ch\/shop\/index.php\/prodotto\/microsoft-office-365-e3-costo-annuale","title":{"rendered":"Microsoft Office 365 E3 (costo annuale)"},"content":{"rendered":"<p>Office 365 E3 \u00e8 una suite di servizi e app per la produttivit\u00e0 basata su cloud con protezione delle informazioni e funzionalit\u00e0 di conformit\u00e0 incluse.<\/p>\n<p>&#8211; Installa Office per dispositivi mobili su un massimo di cinque PC o Mac, cinque tablet e cinque smartphone per utente.<br \/>\n&#8211; Proteggi le informazioni con crittografia dei messaggi, Rights Management e prevenzione della perdita dei dati per posta elettronica e file.<br \/>\n&#8211; Proteggi i dati aziendali impostando un accesso pi\u00f9 sicuro alle risorse e favorendo la condivisione sicura di informazioni sensibili all&#8217;interno e all&#8217;esterno dell&#8217;organizzazione.<br \/>\n&#8211; Agevola la conformit\u00e0 legale e l&#8217;archiviazione della posta elettronica con eDiscovery e blocco per cassetta postale.<\/p>\n","protected":false},"excerpt":{"rendered":"<p>Office 365 E3 \u00e8 una suite di servizi e app per la produttivit\u00e0 basata su cloud con protezione delle informazioni e funzionalit\u00e0 di conformit\u00e0 incluse. &#8211; Installa Office per dispositivi mobili su un massimo di cinque PC o Mac, cinque tablet e cinque smartphone per utente. &#8211; Proteggi le informazioni con crittografia dei messaggi, Rights [&hellip;]<\/p>\n","protected":false},"featured_media":32196,"template":"","meta":[],"product_brand":[],"product_cat":[3083],"product_tag":[],"yst_prominent_words":[218,173,254,2084,1886],"class_list":{"0":"post-16659","1":"product","2":"type-product","3":"status-publish","4":"has-post-thumbnail","6":"product_cat-licenze-sw","8":"first","9":"instock","10":"taxable","11":"shipping-taxable","12":"purchasable","13":"product-type-simple"},"_links":{"self":[{"href":"https:\/\/osatech.ch\/shop\/index.php\/wp-json\/wp\/v2\/product\/16659","targetHints":{"allow":["GET"]}}],"collection":[{"href":"https:\/\/osatech.ch\/shop\/index.php\/wp-json\/wp\/v2\/product"}],"about":[{"href":"https:\/\/osatech.ch\/shop\/index.php\/wp-json\/wp\/v2\/types\/product"}],"wp:featuredmedia":[{"embeddable":true,"href":"https:\/\/osatech.ch\/shop\/index.php\/wp-json\/wp\/v2\/media\/32196"}],"wp:attachment":[{"href":"https:\/\/osatech.ch\/shop\/index.php\/wp-json\/wp\/v2\/media?parent=16659"}],"wp:term":[{"taxonomy":"product_brand","embeddable":true,"href":"https:\/\/osatech.ch\/shop\/index.php\/wp-json\/wp\/v2\/product_brand?post=16659"},{"taxonomy":"product_cat","embeddable":true,"href":"https:\/\/osatech.ch\/shop\/index.php\/wp-json\/wp\/v2\/product_cat?post=16659"},{"taxonomy":"product_tag","embeddable":true,"href":"https:\/\/osatech.ch\/shop\/index.php\/wp-json\/wp\/v2\/product_tag?post=16659"},{"taxonomy":"yst_prominent_words","embeddable":true,"href":"https:\/\/osatech.ch\/shop\/index.php\/wp-json\/wp\/v2\/yst_prominent_words?post=16659"}],"curies":[{"name":"wp","href":"https:\/\/api.w.org\/{rel}","templated":true}]}}