{"id":153378,"date":"2024-08-28T14:34:36","date_gmt":"2024-08-28T12:34:36","guid":{"rendered":"https:\/\/osatech.ch\/shop\/index.php\/prodotto\/tornello-tripoide-winsertech-wr-212"},"modified":"2024-08-28T14:34:36","modified_gmt":"2024-08-28T12:34:36","slug":"tornello-tripoide-winsertech-wr-212","status":"publish","type":"product","link":"https:\/\/osatech.ch\/shop\/index.php\/prodotto\/tornello-tripoide-winsertech-wr-212","title":{"rendered":"Tornello tripoide WINSERTECH WR-212"},"content":{"rendered":"<p>Sul tornello WR-212 \u00e8 possibile integrare due lettori di carte Mifare WR-501 o WR-551.<br \/>\nIl tornello WR-212 pu\u00f2 essere utilizzato a uno o due lati.<br \/>\nLa selezione della direzione pu\u00f2 essere effettuata facilmente dagli utenti.<br \/>\nPu\u00f2 emettere un avviso acustico quando richiesto.<br \/>\nLa funzione di memoria pu\u00f2 essere utilizzata in pi\u00f9 passaggi.<br \/>\nL&#8217;accesso remoto pu\u00f2 essere concesso o revocato indipendentemente dalla persona che effettua il passaggio.<br \/>\nGrazie ai sensori sensibili \u00e8 possibile ottenere informazioni sulla posizione, il movimento e la direzione dei bracci del tornello WR-212.<br \/>\nDurante la commutazione, i dati in uscita sono disponibili per i fornitori o altri sistemi di controllo.<br \/>\nTutti i componenti meccanici e i sistemi di controllo elettromeccanici sono prodotti nei nostri stabilimenti.<\/p>\n<p>La serie WR-212, utilizzabile sia in ambienti interni che esterni, \u00e8 generalmente realizzata in acciaio inossidabile.<br \/>\nFacoltativamente, pu\u00f2 essere prodotto con verniciatura a polvere elettrostatica nel colore pi\u00f9 adatto a voi, scegliendolo dalla nostra ampia gamma di colori.<br \/>\nIl tornello WR-212 garantisce un accesso sicuro e veloce in caso di emergenza, grazie all&#8217;opzione del braccio cadente.<\/p>\n<p>Corpo Corpo  esterno protetto dall&#8217;acqua 1,2 mm in acciaio inox 304<br \/>\nI bracci  possono essere smontati uno per uno. Braccio in alluminio 35x3mm \/ Opt. acciaio inossidabile<br \/>\nPeso ~30 kg<br \/>\nIndicatori  Gli indicatori di deviazione sono disponibili di serie<br \/>\nTemperatura di esercizio &#8211; 20\u00b0C \/ + 60 \u00b0C<br \/>\nAccessori  Braccio di caduta automatico \/ Addizione meccanica motorizzata \/ Unit\u00e0 ricetrasmittente con telecomando \/ Contatore \/ Lettore di schede \/ Fotocellula di allarme passaggio perdite<br \/>\nEnergia 176-264 V 50-60 Hz AC\/24 V DC Standby ~15 W. max. Transizione ~8 W<br \/>\nDimensioni 300 x 450 x 950 mm<\/p>\n","protected":false},"excerpt":{"rendered":"<p>Sul tornello WR-212 \u00e8 possibile integrare due lettori di carte Mifare WR-501 o WR-551. Il tornello WR-212 pu\u00f2 essere utilizzato a uno o due lati. La selezione della direzione pu\u00f2 essere effettuata facilmente dagli utenti. Pu\u00f2 emettere un avviso acustico quando richiesto. La funzione di memoria pu\u00f2 essere utilizzata in pi\u00f9 passaggi. L&#8217;accesso remoto pu\u00f2 [&hellip;]<\/p>\n","protected":false},"featured_media":55105,"template":"","meta":[],"product_brand":[],"product_cat":[3856,4283],"product_tag":[],"yst_prominent_words":[],"class_list":{"0":"post-153378","1":"product","2":"type-product","3":"status-publish","4":"has-post-thumbnail","6":"product_cat-tornelli","7":"product_cat-tornelli-winsertech","9":"first","10":"instock","11":"taxable","12":"shipping-taxable","13":"purchasable","14":"product-type-simple"},"_links":{"self":[{"href":"https:\/\/osatech.ch\/shop\/index.php\/wp-json\/wp\/v2\/product\/153378","targetHints":{"allow":["GET"]}}],"collection":[{"href":"https:\/\/osatech.ch\/shop\/index.php\/wp-json\/wp\/v2\/product"}],"about":[{"href":"https:\/\/osatech.ch\/shop\/index.php\/wp-json\/wp\/v2\/types\/product"}],"wp:featuredmedia":[{"embeddable":true,"href":"https:\/\/osatech.ch\/shop\/index.php\/wp-json\/wp\/v2\/media\/55105"}],"wp:attachment":[{"href":"https:\/\/osatech.ch\/shop\/index.php\/wp-json\/wp\/v2\/media?parent=153378"}],"wp:term":[{"taxonomy":"product_brand","embeddable":true,"href":"https:\/\/osatech.ch\/shop\/index.php\/wp-json\/wp\/v2\/product_brand?post=153378"},{"taxonomy":"product_cat","embeddable":true,"href":"https:\/\/osatech.ch\/shop\/index.php\/wp-json\/wp\/v2\/product_cat?post=153378"},{"taxonomy":"product_tag","embeddable":true,"href":"https:\/\/osatech.ch\/shop\/index.php\/wp-json\/wp\/v2\/product_tag?post=153378"},{"taxonomy":"yst_prominent_words","embeddable":true,"href":"https:\/\/osatech.ch\/shop\/index.php\/wp-json\/wp\/v2\/yst_prominent_words?post=153378"}],"curies":[{"name":"wp","href":"https:\/\/api.w.org\/{rel}","templated":true}]}}