{"id":138148,"date":"2024-08-27T18:27:57","date_gmt":"2024-08-27T16:27:57","guid":{"rendered":"https:\/\/osatech.ch\/shop\/index.php\/prodotto\/jablotron-pannello-di-controllo-radio-jablotron-lcd-rfid-antracite"},"modified":"2024-08-27T18:27:57","modified_gmt":"2024-08-27T16:27:57","slug":"jablotron-pannello-di-controllo-radio-jablotron-lcd-rfid-antracite","status":"publish","type":"product","link":"https:\/\/osatech.ch\/shop\/index.php\/prodotto\/jablotron-pannello-di-controllo-radio-jablotron-lcd-rfid-antracite","title":{"rendered":"Jablotron Pannello di controllo radio Jablotron, LCD, RFID, antracite"},"content":{"rendered":"<p>Jablotron Pannello di controllo radio Jablotron, LCD, RFID, antracite<\/p>\n<p>La tastiera \u00e8 un componente wireless del sistema JABLOTRON.<br \/>\nServe per il controllo e l&#8217;indicazione dello stato del sistema.<br \/>\n\u00c8 dotata di quattro segmenti, la cui descrizione \u00e8 visualizzata sul display LCD.<br \/>\nLa tastiera \u00e8 compatibile con i seguenti pannelli di controllo JA-102K, JA-103K, JA-107K e JA-152KR.<\/p>\n","protected":false},"excerpt":{"rendered":"<p>Jablotron Pannello di controllo radio Jablotron, LCD, RFID, antracite La tastiera \u00e8 un componente wireless del sistema JABLOTRON. Serve per il controllo e l&#8217;indicazione dello stato del sistema. \u00c8 dotata di quattro segmenti, la cui descrizione \u00e8 visualizzata sul display LCD. La tastiera \u00e8 compatibile con i seguenti pannelli di controllo JA-102K, JA-103K, JA-107K e [&hellip;]<\/p>\n","protected":false},"featured_media":0,"template":"","meta":[],"product_brand":[],"product_cat":[3999,4104],"product_tag":[],"yst_prominent_words":[],"class_list":{"0":"post-138148","1":"product","2":"type-product","3":"status-publish","5":"product_cat-allarmi-casa-e-ufficio-jablotron","6":"product_cat-tastiere-jablotron-allarmi-casa-e-ufficio-jablotron","8":"first","9":"instock","10":"taxable","11":"shipping-taxable","12":"purchasable","13":"product-type-simple"},"_links":{"self":[{"href":"https:\/\/osatech.ch\/shop\/index.php\/wp-json\/wp\/v2\/product\/138148","targetHints":{"allow":["GET"]}}],"collection":[{"href":"https:\/\/osatech.ch\/shop\/index.php\/wp-json\/wp\/v2\/product"}],"about":[{"href":"https:\/\/osatech.ch\/shop\/index.php\/wp-json\/wp\/v2\/types\/product"}],"wp:attachment":[{"href":"https:\/\/osatech.ch\/shop\/index.php\/wp-json\/wp\/v2\/media?parent=138148"}],"wp:term":[{"taxonomy":"product_brand","embeddable":true,"href":"https:\/\/osatech.ch\/shop\/index.php\/wp-json\/wp\/v2\/product_brand?post=138148"},{"taxonomy":"product_cat","embeddable":true,"href":"https:\/\/osatech.ch\/shop\/index.php\/wp-json\/wp\/v2\/product_cat?post=138148"},{"taxonomy":"product_tag","embeddable":true,"href":"https:\/\/osatech.ch\/shop\/index.php\/wp-json\/wp\/v2\/product_tag?post=138148"},{"taxonomy":"yst_prominent_words","embeddable":true,"href":"https:\/\/osatech.ch\/shop\/index.php\/wp-json\/wp\/v2\/yst_prominent_words?post=138148"}],"curies":[{"name":"wp","href":"https:\/\/api.w.org\/{rel}","templated":true}]}}