{"id":1031678,"date":"2025-11-06T16:46:33","date_gmt":"2025-11-06T15:46:33","guid":{"rendered":"https:\/\/osatech.ch\/shop\/index.php\/prodotto\/ajax-superior-homesiren-fibra-cavo-bianco"},"modified":"2025-11-12T16:01:33","modified_gmt":"2025-11-12T15:01:33","slug":"ajax-superior-homesiren-fibra-cavo-bianco","status":"publish","type":"product","link":"https:\/\/osatech.ch\/shop\/index.php\/prodotto\/ajax-superior-homesiren-fibra-cavo-bianco","title":{"rendered":"AJAX Superior HomeSiren Fibra (cavo), bianco"},"content":{"rendered":"<p>La Superior HomeSiren Fibra \u00e8 una sirena da interno cablata. Segnala allarmi ed eventi con volume regolabile e indicatore LED integrato. La sirena \u00e8 dotata di funzione campanello e pu\u00f2 essere espansa con un LED esterno. Grazie alla comunicazione bidirezionale di Fibra, \u00e8 garantita una connessione affidabile alla centrale. L&#8217;installazione \u00e8 in ambienti interni; il grado di protezione IP50 e la protezione antimanomissione garantiscono una maggiore sicurezza.<\/p>\n<p>Caratteristiche<br \/>\nVolume della sveglia regolabile<br \/>\nDurata del tono di allarme regolabile<br \/>\nIndicatore LED della modalit\u00e0 di sicurezza<br \/>\nFunzione campanello<br \/>\nComunicazione bidirezionale in fibra<br \/>\nDati tecnici<br \/>\nColore: Bianco<br \/>\nNorme: EN 50131 (Grado 2), PD 6662:2017<br \/>\nSerie: Superiore<br \/>\nComunicazione: Cavo, Fibra (bidirezionale)<br \/>\nVolume dell&#8217;allarme: 81\u2013105 dB a 1 m (regolabile)<br \/>\nDurata del tono di allarme: 3\u2013180 secondi (regolabile)<br \/>\nCollegamento LED: disponibile, 3V<br \/>\nLuogo di installazione: Interno<br \/>\nClasse di protezione: IP50, protezione antimanomissione<br \/>\nDimensioni: 90,5 \u00d7 90,5 \u00d7 33 mm<br \/>\nPeso: 84 g<br \/>\nTemperatura di esercizio: da -10 \u00b0C a +40 \u00b0C<br \/>\nUmidit\u00e0: fino al 75%<br \/>\nAlimentazione: 24 V CC<br \/>\nConsumo di corrente: fino a 50 \u00b5A<br \/>\nAudio: Altoparlanti<\/p>\n","protected":false},"excerpt":{"rendered":"<p>La Superior HomeSiren Fibra \u00e8 una sirena da interno cablata. Segnala allarmi ed eventi con volume regolabile e indicatore LED integrato. La sirena \u00e8 dotata di funzione campanello e pu\u00f2 essere espansa con un LED esterno. Grazie alla comunicazione bidirezionale di Fibra, \u00e8 garantita una connessione affidabile alla centrale. L&#8217;installazione \u00e8 in ambienti interni; il [&hellip;]<\/p>\n","protected":false},"featured_media":0,"template":"","meta":[],"product_brand":[],"product_cat":[15],"product_tag":[],"yst_prominent_words":[],"class_list":{"0":"post-1031678","1":"product","2":"type-product","3":"status-publish","5":"product_cat-senza-categoria","7":"first","8":"instock","9":"taxable","10":"shipping-taxable","11":"purchasable","12":"product-type-simple"},"_links":{"self":[{"href":"https:\/\/osatech.ch\/shop\/index.php\/wp-json\/wp\/v2\/product\/1031678","targetHints":{"allow":["GET"]}}],"collection":[{"href":"https:\/\/osatech.ch\/shop\/index.php\/wp-json\/wp\/v2\/product"}],"about":[{"href":"https:\/\/osatech.ch\/shop\/index.php\/wp-json\/wp\/v2\/types\/product"}],"wp:attachment":[{"href":"https:\/\/osatech.ch\/shop\/index.php\/wp-json\/wp\/v2\/media?parent=1031678"}],"wp:term":[{"taxonomy":"product_brand","embeddable":true,"href":"https:\/\/osatech.ch\/shop\/index.php\/wp-json\/wp\/v2\/product_brand?post=1031678"},{"taxonomy":"product_cat","embeddable":true,"href":"https:\/\/osatech.ch\/shop\/index.php\/wp-json\/wp\/v2\/product_cat?post=1031678"},{"taxonomy":"product_tag","embeddable":true,"href":"https:\/\/osatech.ch\/shop\/index.php\/wp-json\/wp\/v2\/product_tag?post=1031678"},{"taxonomy":"yst_prominent_words","embeddable":true,"href":"https:\/\/osatech.ch\/shop\/index.php\/wp-json\/wp\/v2\/yst_prominent_words?post=1031678"}],"curies":[{"name":"wp","href":"https:\/\/api.w.org\/{rel}","templated":true}]}}